t common divisor of r and 27.
9
Let r(b) = b**3 + b**2 - 4*b - 1. Suppose 12 = -4*p, 5*d - d = 4*p + 24. Let v be r(d). Calculate the greatest common divisor of 46 and v.
23
Let l(o) = o**2 + 2*o + 8. Let q be l(-4). What is the highest common factor of q and 16?
16
Suppose m - 3*m + 96 = 0. Let y = 3 + 9. Let x = y + -6. What is the greatest common factor of x and m?
6
Suppose 4*p - 10 = 3*p. Calculate the greatest common divisor of 110 and p.
10
Suppose -3*v - 62 - 10 = 0. Let u = 26 + -41. Let d = u - v. Calculate the greatest common divisor of 72 and d.
9
Suppose -4*i - 42 = -5*j - 8, -35 = -5*j + 5*i. What is the highest common factor of 24 and j?
6
Let h be (-34)/85 - (-74)/10. Calculate the highest common factor of 7 and h.
7
Let i(p) = 5*p**2 + p + 6. Let k be (-2)/6 + 56/(-12). Let u be i(k). Calculate the highest common divisor of 14 and u.
14
Suppose -2*w - 1054 = -42. Let u be (-2)/18 + w/(-18). What is the highest common factor of u and 70?
14
Suppose 24 = 5*g - 5*c - 61, 3*g = -5*c + 11. Let i be ((-640)/192)/(-1 + (-16)/(-18)). Calculate the highest common divisor of i and g.
6
Let b be (-196)/(-3)*(-3)/(-2). What is the greatest common divisor of 14 and b?
14
Suppose 0 = 5*t - 10 - 10. Suppose -4*p = a - 44, -t*a + 152 = 4*p - 24. Calculate the highest common factor of a and 4.
4
Let p(t) = t**3 + 6*t**2 + t - 2. Let l be p(-5). Calculate the highest common factor of l and 27.
9
Suppose 5*q - 45 = -2*r - 2*r, -25 = -5*q. Let a = 12 + -2. What is the highest common divisor of a and r?
5
Let b = 18 + 6. Calculate the highest common divisor of b and 36.
12
Let a(j) = 2*j**2 + 2*j + 4. Let v be a(-3). Calculate the highest common factor of v and 8.
8
Let s = 7 - -4. Calculate the highest common divisor of s and 44.
11
Let t(l) = -3*l - 13. Let y be t(-8). What is the highest common factor of y and 88?
11
Suppose -5*y = -10, -3*f = 4*y - 50 + 9. Calculate the highest common factor of 99 and f.
11
Suppose 2*s = 6*s - 12. Suppose s*k - 6 = -0*k. Suppose -3*f = -k*f - 44. Calculate the highest common divisor of f and 4.
4
Suppose 0*o = 3*o - 3. Let k(q) = 3*q - 1. Let h be k(o). Let b be (-15)/(-6) - h/4. Calculate the highest common factor of 10 and b.
2
Let q(m) = m**3 + 3*m**2 + 10. Let u be q(0). Calculate the highest common factor of 10 and u.
10
Suppose 19*k = 20*k - 16. Calculate the greatest common divisor of 64 and k.
16
Let h be (-2)/6*0*1. Let a be 2 + 2 + h + 2. Let b be (88/6)/(a/54). Calculate the greatest common divisor of b and 12.
12
Suppose -7*a = 42 - 336. What is the highest common divisor of 28 and a?
14
Suppose 6*c = -c + 21. Calculate the greatest common divisor of c and 24.
3
Suppose p - 26 = -4*z + 2, -3*p = 2*z - 24. Suppose -g - g = -z. What is the greatest common factor of g and 1?
1
Let i(o) = -o**2 + 2*o - 3. Let g be i(2). Let p be 0/1*1 - 2. Let k be (g/6)/(p/16). What is the greatest common factor of 4 and k?
4
Let h = 11 - -9. What is the greatest common divisor of 50 and h?
10
Let p = -18 - -34. Suppose 0 = 3*f - 7*f + 236. Suppose 2*j + 5*o - f = 0, 5*o = -5*j - 0*o + 155. What is the greatest common divisor of j and p?
16
Let r = -162 + 237. Suppose s = -4*s + r. What is the greatest common divisor of s and 75?
15
Suppose 2*w - 1 = 3. Suppose -2*l + 8 = 3*m, w*m = -2*m + 8. Calculate the greatest common factor of 8 and l.
1
Suppose -18 = n - 4*n. Suppose 0 = 9*c - 14*c + 330. Calculate the greatest common factor of n and c.
6
Suppose -4*g = -x + 3, -3*g + 7 - 19 = -4*x. Let z be ((-39)/(-1))/3 + g. Calculate the highest common factor of z and 143.
13
Let k(a) = a**3 + 11*a**2 - 10*a - 2. Let q be k(-9). Calculate the greatest common factor of q and 10.
10
Let j = 98 + 19. Calculate the highest common divisor of 13 and j.
13
Let u be (1*(-1)/(-2))/(2/4). What is the highest common factor of u and 7?
1
Suppose 2*o = -41 - 5. Let q = -9 - o. Calculate the highest common divisor of 14 and q.
14
Suppose 40 = 2*f - 48. Let r be (-3)/(9/6) + 6. What is the highest common factor of r and f?
4
Suppose -5*y + 2*a = 6 + 17, -5*a = -y - 23. Let o be (-1)/y - 4/(-6). Suppose 0 + o = k. Calculate the highest common factor of k and 3.
1
Let n be 10 + ((-32)/4)/2. What is the highest common factor of 3 and n?
3
Let f(d) be the second derivative of -9*d**3/2 - d**2 + d. Let r be f(-2). Let u = -31 - -44. What is the greatest common factor of u and r?
13
Let t be -1*((-2)/(-2) - -1). Let a be -22 - (-4 - (0 + t)). Let b = 74 + a. What is the greatest common factor of 6 and b?
6
Let l(s) = -2*s**3 + 8*s**2 - 4. Let z be l(-4). What is the highest common divisor of 72 and z?
36
Suppose 8 = 7*c - 5*c. Suppose -7 = -3*u - s + 43, -3*u - 2*s + 52 = 0. What is the highest common factor of u and c?
4
Let r be (0 - -3)/3*2. Let x = r - -4. Let h be 0 + x*4/6. What is the highest common divisor of h and 44?
4
Let a = 5 - -2. Let p(u) = u**3 + 7*u**2 - 2*u - 7. Let w be p(-7). What is the highest common factor of a and w?
7
Let d(g) = -4*g + 195. Let j be d(0). Calculate the greatest common divisor of j and 30.
15
Suppose 10*o = 5*o - 3*q + 185, -4*o = q - 155. Suppose i - 81 = -5*a, -2*a + 5*a - 51 = -3*i. Calculate the greatest common factor of o and a.
8
Let u = -422 - -602. Suppose 2*a + 10 + 2 = x, 5*x = 5*a + 80. Calculate the highest common divisor of u and x.
20
Let x be 359 + 0 + 7/7. Suppose 8*f - x = 3*f. What is the greatest common factor of 8 and f?
8
Let o(t) = -t**3 + 9*t**2 + 12*t - 8. Let p be o(10). Calculate the greatest common divisor of p and 84.
12
Let i = -16 + 43. Let b be 7 + 0 + 2 + 0. What is the greatest common divisor of i and b?
9
Suppose -f + 8 = -0*f. What is the highest common divisor of 40 and f?
8
Let s be 1 + 0 + -1 + 4. Suppose -3*p - 289 = -s*c, -2*c + 5*c + p - 207 = 0. Let v = 50 + -36. Calculate the highest common divisor of c and v.
14
Suppose 0 = 4*h + d - 2*d + 13, -3*h = 3*d + 21. Let n(r) = -r**3 - r**2 + 5*r. Let p be n(h). What is the highest common factor of 28 and p?
28
Let t be (0 - -14)*(-6)/(-12). Suppose -q - t = -x, -3*x = -q - 23 - 2. Calculate the greatest common divisor of 27 and x.
9
Let u(v) be the first derivative of -v**3/3 + 9*v**2/2 - 9*v - 5. Let d be u(5). Calculate the highest common factor of d and 99.
11
Suppose -k - 21 = -w, w - 3*k = -k + 19. Suppose -3*h + w = 2. Let v = 185 + -178. What is the highest common factor of h and v?
7
Suppose 3*x - 5*k = -x + 114, -4*k + 18 = x. Let p = -15 + x. What is the greatest common divisor of p and 77?
11
Suppose 0 = 9*o - 8*o - 8. Suppose -q = -3*q + 2. What is the greatest common divisor of q and o?
1
Let x(m) = -m**2 + 4. Let v be x(0). Suppose -5*z + 3*z = -2, -v*a + 107 = -z. Suppose -c - i = -4, i = 3*i + 10. What is the greatest common factor of a and c?
9
Let j(r) = -r**2 + 14*r - 1. Let p be j(13). Suppose 2*q + 0*q - p = 0. Suppose 2*k - 14 = -6. Calculate the highest common divisor of k and q.
2
Suppose -4*f - 5*y = -380, 5*f - 2*y - 503 = -61. Calculate the greatest common divisor of 10 and f.
10
Let n = 58 + -33. Calculate the greatest common factor of 10 and n.
5
Suppose 2*d = 5*d - 150. Let l(x) = x**3 + 6*x**2 + 3*x. Let b be l(-5). Calculate the greatest common factor of b and d.
10
Let q = -4 + 11. What is the greatest common divisor of 63 and q?
7
Suppose -7*g = -11*g + 132. Suppose q + 39 = -2*l, 3*l + q + 61 = -3*q. Let i = g + l. What is the highest common factor of 14 and i?
14
Suppose -2*a + 4*a = 270. Suppose -4*l = 3*k + l - a, 4*k - 203 = l. What is the highest common divisor of k and 10?
10
Suppose 4*u - 209 - 7 = 0. Suppose -2*b + 2 = -10. Calculate the greatest common factor of b and u.
6
Let y(z) = 19*z**2 - 2*z + 3. Let f be y(2). Suppose -4*x = x - f. What is the greatest common factor of x and 75?
15
Let a = -142 - -206. Suppose l = -4*b + 19, -a = -4*l - 4*b - 12. Calculate the highest common factor of 88 and l.
11
Let y be (-14)/(-7)*(4 - -1). Let c = y - -18. Calculate the greatest common factor of c and 7.
7
Let p be (-1)/3*-6*1. Suppose -p*x + 65 = 3*x. Suppose 3*n = 224 + 205. Calculate the highest common factor of x and n.
13
Let n be (-6)/(-4)*(20 - -2). Let v(a) = a**2 + 3*a - 7. Let g be v(-6). What is the greatest common divisor of g and n?
11
Let d(l) = -l**3 + 4*l**2 +